the prime factors of s.
2, 5, 7, 17, 23
Let k = -4091 + 4237. List the prime factors of k.
2, 73
Suppose 2693 + 1071 = 4*s. List the prime factors of s.
941
Let i = 214 - 244. List the prime factors of i/105 - 1012/14*-1.
2, 3
Suppose -2*s = -16 + 8. Let c be (s/(-3))/((-28)/42). Suppose c*b - 127 = 5*n, 373 - 84 = 4*b - 3*n. What are the prime factors of b?
2, 19
Let y = -61 - -63. Let v = y - -1. Suppose 16 = v*u + u. What are the prime factors of u?
2
Let d(w) = -w**2 - 6*w - 2. Let x be d(-6). Let g be 22 - (x - -5 - 2). Let q = 23 + g. What are the prime factors of q?
2, 11
Let f = 35 - 124. Let m = -81 - f. Suppose 4*g + u - 141 - m = 0, -3*u = -g + 34. List the prime factors of g.
37
Let p(n) = 2 - 31*n**2 - 4*n - n - n + 26*n**2 - n**3. Let s be p(-3). Suppose -126 = -s*o + 2*d, 0 = 2*o - 0*o - 3*d - 124. What are the prime factors of o?
5, 13
Suppose -19*h + 14*h + 35 = 0. Let i be 0 - -247 - (3 - h). Suppose 490 = 5*w + 2*q, -4*w + 128 = -q - i. What are the prime factors of w?
2, 3
Suppose 7*u - 92 = 41. Suppose -3460 = u*x - 29*x. List the prime factors of x.
2, 173
Suppose 2*z = -5*m + 36, -3*m - 36 = -z - m. Suppose -3*q + 22 - z = 0. Let p(d) = -3*d**3 + 3*d**2 + 7*d + 5. What are the prime factors of p(q)?
3
Suppose -182*l = 3*c - 177*l - 85, 0 = 2*l + 14. List the prime factors of c.
2, 5
Let t(d) = 7 + 10 - 6 - 4*d. Let r be t(5). Let c(y) = 3*y**2 + 13*y + 14. What are the prime factors of c(r)?
2, 5, 7
Suppose 21*f - 178156 = 81971. List the prime factors of f.
3, 4129
Let n be ((-702)/21)/(13/(-182)). List the prime factors of (-2*156/9)/((-24)/n).
2, 13
Suppose 5*r - 26 = -k, 2*k + 6*r - 26 = 9*r. Suppose -200 = -k*n + 5976. List the prime factors of n.
2, 193
Let f = 286 - -452. Suppose -5*j = 4*i - 604, -5*i - 5*j + 3*j = -f. List the prime factors of i.
2, 73
Suppose 5*p - 14*p + 9198 = 0. Suppose 4*c = 358 + p. List the prime factors of c.
3, 5, 23
Let d(l) = -l**3 + 8*l**2 - 11*l + 3. Let x be d(7). Let j = x + 62. Suppose -50 = -o + j. What are the prime factors of o?
3, 29
Suppose 3*p = -n + 16034, -365*p - 3 = -362*p. List the prime factors of n.
7, 29, 79
Let c(t) = 2*t - 31. Let v be c(25). Let l(q) = 25*q - 69. List the prime factors of l(v).
2, 7, 29
Let q(w) = -w**2 - 2*w + 3. Let u be q(-2). Suppose 374 = u*b + i, -19*i + 15*i = -4*b + 488. List the prime factors of b.
2, 31
Let v(m) = -17 + 9 - m**2 + 4*m**2 - 13 - 28*m. What are the prime factors of v(15)?
2, 3, 13
Let h(t) = -t**2 + 23*t - 104. Let q be h(16). Suppose -23*z + 3405 = -q*z. List the prime factors of z.
227
Let i(k) = -k**3 + k**2 + 101. Let s be i(0). Suppose 17*w - 2 = 15*w, o + 3*w = 115. Let g = o - s. What are the prime factors of g?
11
Suppose 0 = 4*x + 20 - 184. Suppose 0 = 4*t + 5*b - x, 9 = -t + 3*b - 2. Suppose 5*h + 27 = 4*j + 5, j - t*h = 0. List the prime factors of j.
2
Let h be ((-285)/25)/((-6)/90). Let n = h - 146. What are the prime factors of n?
5
Suppose a - 3*f = -2*f - 2, 0 = -a - 2*f + 13. Suppose a*p = 12, -2*p + 48 = 5*s - 0*p. List the prime factors of (s/(-6))/(18/(-27)).
2
Let q(d) = -11661*d**3 - 2*d**2 - 5*d - 3. Let l be q(-1). List the prime factors of ((-2)/6)/((-23)/l).
13
Let v(b) = -3*b + 2. Let k(s) = -2*s + 1. Let t(r) = 8*k(r) - 5*v(r). Let a be t(-9). Let m = 15 - a. What are the prime factors of m?
2
Let p = -9 - -3. Let m be (-5 - -2)/p*-6 - -30. Suppose -5*x - m = -142. List the prime factors of x.
23
Let q = -52 + 54. Suppose 3*l - 2*g = 0, q*l = -5*g - 9 - 10. What are the prime factors of (38/(-4) - l)*(-1456)/65?
2, 3, 7
Suppose 4*x = -5*i + 52, -2*x = -3*i + 4*i - 20. Suppose -53 = -5*s - x. Suppose -s*o - 128 = -11*o. List the prime factors of o.
2
Let j(l) = l**2 - 4*l - 2. Let v = -51 - -56. Let w be j(v). Suppose -4*c - 2*g + 15 = -7*g, 2*g = -w*c + 40. List the prime factors of c.
2, 5
What are the prime factors of (-3)/5 - ((-140616)/60 + 0)?
3, 11, 71
Let v be 4245/(-2)*(-18)/27 - 2. Suppose 2529 + v = 3*g. List the prime factors of g.
2, 3, 73
What are the prime factors of 6/(-14)*1 + 5114988/189?
3, 31, 97
Suppose 3*v + 264 = 3*c, 0*c - 4*c = -12. Let w = v - -45. Let h = w - -62. List the prime factors of h.
2, 11
Let t = 37230 + 25832. What are the prime factors of t?
2, 31531
Let i be 4/(-4) - (-2 + -12). Suppose 15*n - 444 = i*n. List the prime factors of n.
2, 3, 37
Let t(l) = 11*l**2 + 78*l - 591. What are the prime factors of t(51)?
2, 3, 5333
Suppose -36*o + 3 = -35*o. Suppose 972 = 4*q + 3*y, -o*q + 5*q + 4*y = 476. What are the prime factors of q?
2, 3, 41
Let q(o) = 90*o**2 + 154*o - 2586. What are the prime factors of q(20)?
2, 71, 257
Suppose 2458*l - 2496*l + 463220 = 0. List the prime factors of l.
2, 5, 23, 53
Let r be 6/3 - -3*(1 + 0). Let c(k) = 0 + 3 + r + 5*k - 4*k. What are the prime factors of c(28)?
2, 3
Suppose -17*j + 7910 = -7*j. Let g = -421 + j. What are the prime factors of g?
2, 5, 37
Suppose 0 = -s - 5 + 7. Let y(i) = i**2 + 6 + 8*i**2 - 2*i**2 + i**s. What are the prime factors of y(3)?
2, 3, 13
Let z(v) = -2*v + 8. Let b be z(15). Let j be b/(-6) + (-2)/3. Suppose -j*w - 183 = -n, -4*n = -3*w - 2*w - 739. What are the prime factors of n?
2, 3, 31
Let k(l) = 2*l - 8. Let v be k(6). Suppose 0 = v*n - 3*n - 204. Suppose 0 = -2*o + 4*o - n. List the prime factors of o.
2, 3, 17
Let f(w) = 12*w**2 + 13*w + 28. List the prime factors of f(24).
2, 7, 37
Let d be 7/(-84)*3 + (-240290)/(-8). List the prime factors of d/51*2 - 16/(-136).
2, 19, 31
Suppose -10*i + 104833 = 9113. What are the prime factors of i?
2, 2393
Suppose -8*q + 0*q + 70681 = f, 8830 = q - 5*f. List the prime factors of q.
3, 5, 19, 31
Let w(k) = 14*k + 64. Let t be w(-6). What are the prime factors of -4*(-5)/t - -526?
3, 5, 7
Suppose -20*b + 425 = -3*b. Suppose 5*j - b = 0, -10*j = -2*m - 6*j + 870. What are the prime factors of m?
5, 89
Suppose -b = -7*w + 4*w + 67454, 0 = -4*b - 20. Suppose 0 = -18*i - 1 + w. What are the prime factors of i?
1249
Suppose 322032 = 4*h + 30*k - 34*k, 0 = -5*h + 2*k + 402537. List the prime factors of h.
7, 31, 53
Let x(p) = p**2 + 5*p - 7. Let o be x(-6). Suppose 4*u - 6*u = 5*u. List the prime factors of 3 - u - (-2 - o).
2
Suppose 5*v + a - 548 = 0, -5*a + 131 = v + 7. Suppose -108*k + v*k = 303. List the prime factors of k.
3, 101
Let r(p) = 2*p - 60. Suppose 6*l - 91 = 3*l - 2*k, 44 = 2*l - 2*k. Let j be r(l). Let d(t) = t**3 + 7*t**2 + 7*t + 13. List the prime factors of d(j).
7
Let z(y) = 4*y**2 - 4*y - 4. Let o be z(3). Let q(d) = 25 - 49 + 9 - o*d + 3*d. What are the prime factors of q(-6)?
3, 29
Suppose k = -2*j - j + 2, 3*k - 2*j - 39 = 0. Suppose -3*z - 2 = -k. Suppose -3*g = -0*c - 2*c + 107, 0 = z*c + 5*g - 208. What are the prime factors of c?
61
Let s = 6123 - -2917. List the prime factors of s.
2, 5, 113
Let w(o) = 303*o**2 - 4*o + 16. Let l(u) = -2*u**2 + u - 1. Let z(s) = -3*l(s) + w(s). List the prime factors of z(2).
17, 73
Suppose 4*j = f + j - 2955, f - 2958 = 2*j. Suppose -24909 = -19*a - f. List the prime factors of a.
3, 5, 7, 11
Let t(h) = 67*h**2 + 23*h - 846. List the prime factors of t(31).
2, 3, 10709
Suppose p - 255*x - 59863 = -259*x, -2*p - 4*x = -119710. What are the prime factors of p?
3, 19949
Suppose -2*t + w + 0 = -6, 0 = -2*t - 2*w. Suppose -t*l + 418 = -354. What are the prime factors of l?
2, 193
Suppose 12*p = 8*p - 148. Let k = 56 + p. Suppose -16*v = -k*v + 165. List the prime factors of v.
5, 11
Suppose 0 = -9*f + 15*f - 18. Suppose -5*p + 906 + 642 = -q, -4*p - f*q = -1246. List the prime factors of p.
2, 5, 31
Suppose -3*q - 775 = 4*i, 0 = 5*q - 3*q + 4*i + 510. Let l = 123 - q. What are the prime factors of l?
2, 97
Suppose 2*p - 480 = -3*p. Suppose 5*y = v + v - p, y + 80 = 2*v. Suppose 0 = r - 27 - v. What are the prime factors of r?
5, 13
Suppose 9*s - 24 = -51. List the prime factors of (1 - 43)*5/s.
2, 5, 7
Let p(j) be the first derivative of -3*j**4/4 + 4*j**3/3 + 15*j**2/2 + 2*j - 4. What are the prime factors of p(-5)?
2, 3, 67
Suppose -o = 11*o - 60. Suppose j - 6*j + 111 = 4*h, 149 = o*h - 4*j. List the prime factors of h.
29
Suppose 4*m - 579 = -559. Suppose 16*j - 4004 = m*j. What are the prime factors of j?
2, 7, 13
Let a be 4/(-10) - (-32)/5. Let k(i) = -191*i + 20. Let d be k(-4). Suppose 0